 What is the remainder when c(-5) is divided by g?
23
Suppose 0 = -4*i + 16, 3*i - 11 + 187 = 4*j. Suppose 180 = 3*x + 2*x. Let y = -28 + x. What is the remainder when j is divided by y?
7
Calculate the remainder when 776 is divided by (-7 - (10 + 60))/(-1).
6
Let q = 14 - 17. What is the remainder when 16/(-24) - 95/q is divided by (-262)/(-11) - ((-6)/(-11))/(-3)?
7
Suppose -370*g - 2364 = -195*g - 187*g. What is the remainder when 1573 is divided by g?
194
Suppose -6*x + 3656 = -2*x + i, 4*x - 3668 = 2*i. What is the remainder when x is divided by 133?
117
Suppose 2*v + 176 = -5*b + 12125, -5*v + 29881 = 4*b. Calculate the remainder when v is divided by 65.
62
Let t(j) = 89*j**3 - 5*j**2 - 27*j + 34. Calculate the remainder when t(1) is divided by 45.
1
Let f = 72 - -144. Let j = f - 199. Calculate the remainder when 60 is divided by j.
9
Let q = -3789 - -3836. What is the remainder when q is divided by (-152)/(-12) + (-2)/(-6)?
8
Let c(d) be the third derivative of -d**5/60 - 5*d**4/6 - 83*d**3/6 - 270*d**2. Calculate the remainder when 28 is divided by c(-12).
2
Suppose -26 - 29 = -q - 3*r, 0 = -3*q + 5*r + 193. Suppose 830*s + 262*s - 28990 = -23*s. What is the remainder when q is divided by s?
9
Let f = 19136 - 19063. Calculate the remainder when 314 is divided by f.
22
Let a(l) = -203*l - 989. Calculate the remainder when a(-8) is divided by 50.
35
Let i(q) = -7*q - 27. Let o be i(-13). Suppose -o - 76 = -10*x. What is the remainder when 24 is divided by x?
10
Let t be (5/10)/(1/2) - 5. Calculate the remainder when 52 is divided by 12 + (4/t - -3).
10
Suppose 0 = 4*q + 8, 2*p - 26 = -q + 12. Calculate the remainder when 3975 is divided by p.
15
What is the remainder when ((-1086)/5)/((-516)/22360) is divided by 35?
32
Let u = -155 - -175. What is the remainder when 0/(-6) - (106/(-2) + -3) is divided by u?
16
Let a(u) = 4*u**2 + 11*u - 21. Let s be a(-13). Suppose -27*o + s = -23*o. What is the remainder when o is divided by 44?
40
Suppose -29*h - 18857 - 4459 = 0. Let u = 818 + h. Calculate the remainder when 21 is divided by u.
7
Suppose 658 + 242 = -4*i. What is the remainder when ((-13)/(-3))/((-25)/i) is divided by 25?
14
Let w(n) = -n**3 + 78*n**2 + 92*n - 921. What is the remainder when 349 is divided by w(79)?
31
Let d = -69 + 78. Suppose -d*j = -5*j. Suppose 2*g + 3 - 35 = j. What is the remainder when g is divided by 11?
5
Suppose 35*f = 31*f + u + 1507, -5*u - 1109 = -3*f. What is the remainder when f is divided by 128?
122
Suppose 2*i + 25 = -3*i. Let z(k) = -7*k + 4. Suppose -4*m + 35 = -5*a, 0 = -6*m + 633*a - 628*a + 55. What is the remainder when z(i) is divided by m?
9
Suppose 22 - 22 = 5*k. Suppose -13*o + 15*o - 36 = k. Suppose 0 = -4*z + 37 + 7. What is the remainder when o is divided by z?
7
Let t be (160/48)/(4/6). Let w be (-19)/t*(-13 + 8). Let c = w + -11. What is the remainder when 20 is divided by c?
4
Suppose -123*y = -226*y + 129*y - 1716. What is the remainder when 535 is divided by y?
7
Suppose -3*y + 3*z + 170 = 2*z, 5*y + z = 278. What is the remainder when 621 is divided by (-15 + y - (-1 + -1)) + -4?
36
Let k(h) = 13*h**2 - 89*h - h**3 + 89*h. Let f be k(13). Suppose -2*p + v = -91, f = -2*p + 2*v + v + 81. Calculate the remainder when p is divided by 25.
23
Let m(h) = h**2 - 21*h - 2080. Let l be m(-34). Suppose -16 = -5*g - 1. What is the remainder when 139 is divided by (3/(-6))/(g/l)?
34
Let d = 22410 + -20712. Calculate the remainder when d is divided by 100.
98
Suppose 2*u = -2*u - 5*x + 320, -7*u = 3*x - 514. Let o(i) = 29*i**2 + 5*i - 3. What is the remainder when o(-5) is divided by u?
67
Let s(u) = -86*u + 1801. Calculate the remainder when s(-46) is divided by 20.
17
Let i be 96/(-64)*(8/3 - 2). What is the remainder when 100 is divided by (1*i/(-3))/((-11)/(-693))?
16
Let p(h) = 8*h**2 - h + 7. Let z be p(2). Suppose -376 = 29*d - z*d. Calculate the remainder when 187 is divided by d.
46
Let c(u) = 690*u**3 + 2*u**2 - 6*u - 13. Let z(n) = -2*n**3 + n + 2. Let g(j) = -c(j) - 5*z(j). Calculate the remainder when g(-1) is divided by 31.
29
Let c(u) = -u**3 - 6*u**2 - 2*u - 6. What is the remainder when (-7 + 16 + 4)*2/2 is divided by c(-6)?
1
Let j(w) = -w**2 + 7*w - 18. Suppose -6*a = -18 - 18. Let q be j(a). Calculate the remainder when 26 is divided by 20 - (-1)/(3/q).
10
Let y(g) = 75*g - 281. Suppose 2*b - b = 0. Suppose b = 5*a - a - 48. What is the remainder when y(5) is divided by a?
10
Suppose -10*d = -9*d + 148. Let m = d - -204. What is the remainder when 333 is divided by m?
53
Suppose 720 = -4*t + 16*t. Suppose t = f + 9. What is the remainder when f is divided by 16?
3
Let d(u) = -44*u + 267. Let h be d(6). Suppose 4*m + 2*l - 21 - 149 = 0, h*m + 2*l - 125 = 0. Calculate the remainder when m is divided by 26.
19
Let z(q) = 15*q**3 + 1. Let i(s) = -2*s**2 - 11*s + 63. Let g be i(-10). Let j = 17 - g. What is the remainder when j is divided by z(1)?
12
Suppose -2 = 33*b - 31*b, -f + 10 = -4*b. Calculate the remainder when 12790 is divided by f.
4
Let v(o) = -16*o + 56. Let h be v(-6). Suppose -8*s + 80 = -h. Calculate the remainder when 463 is divided by s.
28
Let g(d) = 16*d**2 - 95*d - 793. Calculate the remainder when g(-10) is divided by 77.
63
Let d(a) = 3*a**3 + 190*a**2 + 51*a - 699. Calculate the remainder when 278 is divided by d(-63).
50
Suppose v = -777*m + 780*m - 66, -4*m + 3*v = -88. Suppose 0*c = c - 218. Calculate the remainder when c is divided by m.
20
Let d(l) = -l**2 - 15*l - 17. Let u be d(-9). Calculate the remainder when (-4)/(-8) + 634/4 is divided by (1 - u)*(-1)/2.
15
Suppose 6*w + 436 = 2*w. Let c = w + 116. Suppose -4*b - 100 = -2*f, c*b - 3*b = 4*f - 204. What is the remainder when f is divided by 9?
7
Let g(j) = -2*j**2 - 30*j - 49. Let f be g(-13). Suppose 3*r - 29 = -2*w, 2*w = -f*r + 7*r - 48. Calculate the remainder when 19 is divided by r.
8
Let p = 6092 + -6050. What is the remainder when 1003 is divided by p?
37
Let g = -24 - -35. Suppose -4*i = -3*f + 13 + g, -2*f - 2*i + 16 = 0. Calculate the remainder when 5*f/220 + 1395/11 is divided by 13.
10
Let k(q) = 6*q**2 + 18*q - 38. Calculate the remainder when 419 is divided by k(3).
69
Let l(f) = -f**2 + 6*f - 5. Let w be ((-4)/6)/((-1)/6). Let a be l(w). Suppose 0 = -a*i - 36 + 150. Calculate the remainder when i is divided by 15.
8
Let x be (4 + (-7)/3)*3. Suppose -3*d + x*d - 19 = -p, 0 = -3*p - d + 47. Calculate the remainder when 24 is divided by -16*(2 - p/6).
0
Let w(f) = -29 - 4911*f + 4937*f + 1 - 16. Calculate the remainder when w(7) is divided by 61.
16
Let s(n) = n**2 - 4*n - 9. Let y(i) = -i**2 - 4. Let w be y(0). Let g(z) = 9*z**2 + 3*z + 3. What is the remainder when g(-4) is divided by s(w)?
20
Let l(z) = 29*z**2 - 3*z - 33. Suppose -66 = 4*t - 206. What is the remainder when l(4) is divided by t?
34
Let t(s) = 306*s + 1283. What is the remainder when t(-4) is divided by 29?
1
Suppose 9*y - 20 = 5*y. Let c = y + 0. Suppose 2*u - n - 20 = 0, 0 = c*u + 3*n - 92 + 31. What is the remainder when 43 is divided by u?
10
Suppose s - r = 2*s - 71, 81 = s - 4*r. What is the remainder when s is divided by 1 + 0 - (-5 - 2) - -9?
5
Let t be -18*(14/3 - -2). Let h = 188 + t. What is the remainder when h is divided by (480/(-100))/((-6)/(-20))*(-3)/2?
20
Let p(g) = -7*g**2 + 36*g - 18. Let r be p(6). What is the remainder when (-1 - 7/14)*r is divided by 46?
35
Let z = -4408 + 4569. What is the remainder when 302 is divided by z?
141
Suppose -2*h = 2*r - 16 - 4, -2*r - 7 = -h. Suppose -o + h*o = 104. What is the remainder when 102 is divided by o?
11
Calculate the remainder when 260 is divided by 19 + (10 - 7)*(32/(-12) - -3).
0
Let r be ((-2)/(-4))/((-11)/(-198)). Let s(u) = -r*u + 5 - 10*u**2 + 12 + u + 0*u - u**3. What is the remainder when 37 is divided by s(-9)?
5
Let t(g) = 51*g**2 + 1973*g - 47. Calculate the remainder when t(-39) is divided by 130.
57
Let v = 15133 - 14001. What is the remainder when v is divided by 227?
224
Let j(i) = 3*i + 122. Let t be j(-10). What is the remainder when (-6 - -9) + t*4 is divided by 17?
14
Suppose -f + 13 + 8 = 20*f. What is the remainder when 397 is divided by f?
0
Suppose 339*y - 3618 + 21342 = 353*y. Calculate the remainder when y is divided b